0*f, -11 = 3*f - h*q. What is the highest common divisor of f and 21?
3
Let s be 3/(-7) - (-3272)/(-56)*-1. Calculate the greatest common divisor of 58 and s.
58
Suppose 0 = -d - 4*m + 505, 2*d - 478 = -m + 511. What is the greatest common factor of d and 145?
29
Let k = -307 - -367. Calculate the highest common divisor of 210 and k.
30
Suppose 2*b - 7*p = -8*p + 26, -5*p + 31 = b. Suppose -h = -2*h - 5*q + 13, -3*q = 0. Let j = h - b. What is the greatest common factor of 3 and j?
1
Let f(m) = -32*m + 18. Let t be f(0). Calculate the greatest common factor of 387 and t.
9
Let h be (1/3)/(2/12). Let b = 117 + -115. Calculate the greatest common divisor of b and h.
2
Suppose 1 = z + 5*i, 2*z - 2*i + 3*i + 16 = 0. Let l = -7 - z. What is the highest common divisor of l and 3?
1
Let c(f) = -3*f**2 + 32*f - 4. Let p be c(8). Calculate the highest common factor of p and 165.
15
Let b = -190 - -319. Suppose 4*z = -2*l + l + 101, -5*z - 4*l + b = 0. Suppose -g + 125 = 5*a, g + 6 = a - z. What is the greatest common divisor of a and 39?
13
Let d(r) = -r**2 - 19*r - 8. Let y be d(-14). What is the highest common divisor of 93 and y?
31
Let y = 11 - 8. Suppose -5*v + 86 = -y*b, 8 = -7*b + 3*b. Let k = -11 + 59. What is the greatest common factor of v and k?
16
Let p be (-360)/(-16)*(-6)/(-5). Let s = 8 + p. Calculate the highest common factor of s and 14.
7
Let q be 198/(-15)*100/(-8). Suppose 5*x - 68 = 127. Suppose 5*b - 36 - x = 0. Calculate the highest common divisor of b and q.
15
Suppose -17*p - 728 + 8531 = 0. What is the highest common factor of p and 81?
27
Let t(h) = -h - 1. Let w be t(-5). Suppose 0 = r - 2*i + 6, -r + i + 9 = w*i. Suppose r = -11*z + 6*z + 270. Calculate the highest common factor of z and 6.
6
Suppose 4*f = 78 + 338. Suppose 2*j + 71 = 4*l + 27, -4*l - 4*j + 68 = 0. Calculate the highest common factor of f and l.
13
Let j(p) = p**2 + 9*p + 5. Let b be j(-9). Suppose 4*n - 24 = -m, -b*n = 6*m - 2*m - 41. Calculate the highest common divisor of m and 16.
4
Suppose -20 = -6*j + 4. Suppose -12 = -4*k - j. Calculate the greatest common factor of 6 and k.
2
Suppose 0 = 48*i - 51*i + 54. Calculate the greatest common factor of 126 and i.
18
Let l be (-53)/(-4) - 1/4. Let q be (-1)/(4/12) + (-5)/(-1). Suppose -j + q*j = 3*u - 32, 2*u + j - l = 0. Calculate the highest common divisor of u and 36.
9
Let q(k) = 4*k + 59. Let v be q(-12). Let r = 44 + v. Let z be 4*1 + -1 + 2. What is the highest common factor of z and r?
5
Let f(i) = 9*i - 11. Let j be f(2). Suppose 2*k + 90 = 5*o - 21, 4*k + 75 = 3*o. What is the greatest common factor of o and j?
7
Let c be -1*((-12 - -2) + -5). Calculate the highest common divisor of c and 1515.
15
Let a(f) = -4*f**2 + 4*f - 12. Let z be a(3). Let s = 71 + z. Calculate the greatest common factor of s and 5.
5
Let u be (0 - 3)/((-10)/((-4300)/(-15))). What is the greatest common factor of u and 129?
43
Let b be 8/(-2) - (12/(-3) + -24). Calculate the highest common factor of 8 and b.
8
Let w be 4/(-14) - 3828/(-21). Suppose -w = 5*c + 143. Let a = 45 - c. What is the highest common factor of 10 and a?
10
Let w(i) = i**2 - 20*i + 23. Let x = 38 + -49. Let p = x - -30. Let c be w(p). What is the greatest common factor of 32 and c?
4
Suppose -3*u + 4*c = c - 201, -195 = -3*u + 5*c. Suppose 0 = 6*z - z - u. Let p = -58 - -86. What is the greatest common divisor of z and p?
14
Suppose w = 4*m - 20 - 42, 0 = 5*m - 4*w - 72. Calculate the highest common divisor of m and 96.
16
Let t(i) = -2*i**2 + 52*i - 87. Let g be t(20). Calculate the highest common divisor of 85 and g.
17
Let a(k) = -k**3 - 13*k**2 - 5*k - 14. Let f be a(-13). What is the greatest common divisor of f and 119?
17
Suppose -6*m - 230 + 50 = 0. Let z = m + 85. Calculate the highest common factor of z and 275.
55
Let p be 20/8 - (-12)/(-8). Suppose -3*f + 5*q + 20 = -p, 5*q - 75 = -5*f. Let z = 9 + 51. What is the highest common divisor of f and z?
12
Suppose 6*w = 4*d + w + 105, 70 = -3*d + 2*w. Let v be (-212)/d - 6/(-15). Let u = 29 + -18. What is the highest common factor of v and u?
11
Let h = -46 - -58. Suppose 0 = 4*m - 5 - 3. Let c be m/11 - (-516)/66. Calculate the greatest common factor of h and c.
4
Let i = 125 + -120. Suppose 3*m = -i*k + 23 + 2, -4*m + 20 = 4*k. What is the highest common factor of 5 and k?
5
Let w be (8/(-16) + 1)*58. Calculate the greatest common divisor of w and 377.
29
Let d = 162 - 87. Suppose -47*r = -46*r - 50. What is the greatest common factor of r and d?
25
Let y be (7/3)/(4/96). Suppose -110 = -4*v + 2*n, 5*n + 136 = 4*v + 29. Suppose 5*t + v - 98 = 0. What is the highest common divisor of y and t?
14
Let w = 6 + 6. Suppose 2*n + 5*z + 7 = 32, 3*n - w = z. Suppose -9 = -s - 2*o, -n*s - o - o = -61. Calculate the highest common factor of 52 and s.
13
Suppose 4*y + 132 = -2*a - 52, -186 = 4*y + 3*a. Let b be (-1450)/y - 4/18. What is the greatest common factor of b and 24?
8
Suppose 0*i = -i - 134. Let v = -96 - i. Calculate the greatest common divisor of v and 95.
19
Suppose 3*r = -9, 3*m - 9*r + 11*r - 174 = 0. What is the highest common divisor of m and 90?
30
Suppose z + 8 = -z, -3*q - 5*z = -1087. Let g be 17*2 - (-322 - -315). Calculate the highest common divisor of q and g.
41
Suppose k + 2*v = 4, -5*k - v = -0*k - 11. Let c be (10 + -8)/(k/13). Calculate the highest common factor of 39 and c.
13
Let y(m) = 35*m - 369. Let k be y(28). Calculate the highest common factor of k and 13.
13
Suppose -4*r + 32 - 20 = 0. What is the highest common divisor of 411 and r?
3
Suppose 0 = 43*t + 32*t - 75. Calculate the greatest common divisor of t and 103.
1
Suppose 4*m + 120 = 4*g - m, -30 = -g - m. Suppose -22*n + 1690 = 40. What is the greatest common divisor of n and g?
15
Let p be ((-46)/(-12))/1 + 12/72. What is the highest common factor of 54 and p?
2
Let c be (108/(-30) + 0)*-5 - 4. What is the highest common divisor of c and 14?
14
Suppose 0 = -65*g + 72*g - 56. Calculate the highest common factor of 196 and g.
4
Let f = -100 - -38. Let q = f - -72. What is the greatest common factor of 30 and q?
10
Suppose -5*z + 3*x - 761 = 0, -607 = 2*z + 2*z - 3*x. Let b = z + 289. Calculate the highest common divisor of 15 and b.
15
Let y = 980 + -562. Calculate the greatest common factor of 57 and y.
19
Let d = -20 - -41. Let k = 44 - 25. Let x = d - k. What is the greatest common factor of x and 10?
2
Let x(r) = -r**2 + 15*r - 12. Let o be x(12). Let n be -1*o/(-9)*(-45)/(-12). Calculate the greatest common divisor of 20 and n.
10
Suppose -9*b - 75 = 411. Let t = 62 + b. Calculate the highest common divisor of 20 and t.
4
Let c be 30*12/18 + 5. What is the greatest common factor of c and 275?
25
Let x(o) = -3*o - 20. Let a(w) = w**2 + 19*w + 10. Let q be a(-18). Let m be x(q). What is the highest common factor of m and 44?
4
Suppose -39*i + 41*i = -6. Let f = 2 + -3. Let b be -8*i*f/(-2). What is the highest common divisor of 84 and b?
12
Suppose 2400 = 5*s + 90. Calculate the highest common factor of 3 and s.
3
Let j = 33 + 37. Suppose 240 = 3*f + f. Let l = f + -32. Calculate the greatest common factor of j and l.
14
Let n = -17 - -26. Suppose n*l - 11*l = -84. Let q be l + (-6)/3 + 5. Calculate the highest common factor of 30 and q.
15
Let b be (3/(-6))/((-30)/100)*18. What is the highest common divisor of 480 and b?
30
Let x(c) = 53*c**3 - c**2 - c + 1. Let n be x(1). Suppose -7*d + 8 = -20. What is the highest common factor of n and d?
4
Suppose -747*q + 739*q + 3760 = 0. Calculate the highest common divisor of q and 20.
10
Suppose -4*d + y - 90 = -0*y, 2*d = -2*y - 50. Let r = 27 + d. Let l be 2 + -2 + -1 + 45. Calculate the greatest common divisor of r and l.
4
Suppose 2*t = -5*l + 77, 0*t + 4*t - 146 = -2*l. Let q(h) = h**3 + 16*h**2 - 11*h + 210. Let c be q(-17). Calculate the greatest common divisor of t and c.
36
Let z(b) = -b + 1. Let n be z(-1). Let r be n/(-1) + (-26)/(-2). Let v = -21 - -76. What is the highest common factor of r and v?
11
Suppose 3*j - 535 = -4*o, -3*o + 2*j = -2*o - 142. Suppose o + 53 = 7*x. Calculate the greatest common factor of x and 243.
27
Let j(t) = 4*t**2 + 6*t + 9. Let q be j(-3). Calculate the greatest common divisor of 216 and q.
27
Suppose 3 = z + 5*u, 0 = 2*z